units digit of h?
5
Let t be 945/12*(0 - 32). Let z(j) = -2*j + 33. Let v be z(9). What is the units digit of (2/(-4))/(v/t)?
4
Suppose 3*n = -17*n + 305056 + 91704. What is the ten thousands digit of n?
1
Let w = -1538 - -4261. What is the tens digit of w?
2
Let c = -527 + 746. Suppose 0 = -h + 4*h - 12. Suppose -3*f = -h*n + c, 5*n - 5*f = 148 + 122. What is the tens digit of n?
5
What is the ten thousands digit of 22426 + (60/20 - 11)?
2
Suppose 84 = -2*n - 156. Let l = n + 108. What is the units digit of (-116)/l*24/1?
2
Let n(j) = 44*j - 6. Let o be n(-5). Suppose p + 373 = -3*b, 34*b - 30*b - 786 = 2*p. Let m = o - p. What is the hundreds digit of m?
1
Suppose 12*n - 261 = -21. Let k(h) = h**2 - 20*h + 4. Let s be k(n). Suppose s + 2 = 3*f. What is the units digit of f?
2
Let c = -22 + 25. Suppose 0 = -c*r - 2 - 10. What is the tens digit of (-24)/(-32) - 49/r?
1
Suppose -11*a = -6*a - 38475. What is the tens digit of a?
9
Let c(f) = f. Suppose 2*r - 4*l + 2 = 0, -l + 6 + 8 = 4*r. Let u(i) = 6*i. Let a(p) = r*u(p) - 15*c(p). What is the units digit of a(6)?
8
Let g be (-4)/16*(-45 + 1). Suppose g*m - 7*m - 32 = 0. Suppose -b + 1323 = m*b. What is the hundreds digit of b?
1
What is the tens digit of (-2)/(-43) - 153370/(-3010)?
5
Let o be (36/(-2))/3 + 17. Suppose -3*a + 14056 = o*a. What is the tens digit of a?
0
Suppose -18 = -4*c + 14. Suppose -6 = g - c. What is the units digit of 435*(g/24 + (-5)/(-20))?
5
Let i be (-8)/48 - 1/6*-61. Suppose 3*k - 21 = -3*t, 2*k + 16 = 4*t + 3*k. Let c = t + i. What is the units digit of c?
3
Suppose 3*i + 1 + 5 = 0, 4*k - 2332 = -2*i. Suppose -2*n - 3*m + k = 0, -2*m = -5*n + 1564 - 142. What is the hundreds digit of n?
2
Let v be 2 + ((-4)/(-8))/((-1)/6). Let z be 5 + -1 - 0*(0 - v). Suppose z*h = 6*h - 98. What is the units digit of h?
9
Let j be (-2)/(-3)*1287/66. Let b(u) = 3*u**2 - 25*u + 76. What is the tens digit of b(j)?
5
Let o(h) = -50*h + 9. Let g be 15/2 - (-13)/26. Suppose -3*d = 4*a + 26, -4*a + d - g = -2*a. What is the tens digit of o(a)?
5
Let t = 143 + 2754. What is the tens digit of t?
9
Let k be (28/8 + -4)*-4. Suppose -k*z + 780 + 208 = 0. What is the tens digit of z?
9
Let b(m) = -3*m**3 + 3*m**2 - 6*m - 4. Let t be b(-4). Let k = t - 54. Suppose -2*v + k = 2*z, -2*v - 29 = -z + 83. What is the tens digit of z?
0
Let s = 22970 + -11297. What is the ten thousands digit of s?
1
Suppose 5*i + 0*i = -3*f + 9836, 0 = 3*i + 2*f - 5901. Let s = -1217 + i. What is the tens digit of s?
5
Suppose 30 - 10 = 4*x, r - 5*x - 83 = 0. Let n = -3971 + 3976. Suppose -n*o = -q + r, -2*q + 171 = 5*o - 0*o. What is the tens digit of q?
9
Let t be (-3)/3 - (-3 - 3). Let l be 6*6/72 - 1041/(-6). Suppose 3*z - 5*o - l = 0, 103 = t*z + 5*o - 227. What is the units digit of z?
3
Let r be -5 + -1 + 9/(27/12). What is the hundreds digit of (-3)/r - (783/(-6))/1?
1
Suppose -538*x + 38*x + 12075500 = 0. What is the units digit of x?
1
Suppose -4*h - 2*j + 4 = -0*h, -4*h = 3*j - 4. Let o be h - (1 - (6 + -4)). What is the units digit of -6*((-25)/o - 3)?
3
Suppose 321*l - 317*l - 15494 = 2*n, 5*l = 2*n + 19369. What is the units digit of l?
5
Let p be -149 - (-7 - 3 - -1). What is the hundreds digit of (1050/(-49))/(3/p)?
0
Let k(g) = -3*g**3 + g**2 + 4*g + 1. Let p = -22 + 36. Let t(o) = -2*o + 25. Let a be t(p). What is the units digit of k(a)?
9
Let a be (-2 - -6)*(-28)/(-16). Suppose -a*p + 37 - 9 = 0. Suppose p*c - 14 = 26. What is the units digit of c?
0
Let c(g) = 6*g - 6. Let b be c(2). Suppose -p - b*p + 434 = 0. Let d = p - 42. What is the units digit of d?
0
Let k = -863 + 1995. What is the tens digit of k?
3
Suppose 642*c - 811*c = -4560716 + 374248. What is the thousands digit of c?
4
Let x be (-1)/4 + (-225)/(-36). Suppose 0 = -4*t + 3*t + 5*n + 65, -t + 3*n = -59. Let c = t + x. What is the tens digit of c?
5
Suppose -4*v - 180 = 160. Let m(y) = 41*y - 3171. Let r be m(75). Let d = v - r. What is the units digit of d?
1
Let s(n) = 2*n**3 + 137*n**2 + 10*n + 563. What is the tens digit of s(-54)?
8
What is the thousands digit of ((-16563)/(-12))/(52/208)?
5
Let o = 27993 + -9008. What is the ten thousands digit of o?
1
Suppose 0 = -18*r + 13*r - 390. Let h be (16/(-12))/(2/r). Suppose m - 4*w - h = 0, -8 = -m + w + 53. What is the tens digit of m?
6
Suppose 89 = k - 5*n + 5, 5*k = -3*n + 336. Suppose -70*j + k*j = -705. What is the units digit of j?
5
Suppose 2*k - 3457 = -5*a, -3*k + 250 = -5*a + 3727. Let f = a + -335. What is the units digit of f?
8
Let s(f) = -2*f**3 + 59*f**2 - 20*f - 62. Let m be (-23 - -2)*-1 - -8. What is the units digit of s(m)?
9
Let o be (-3)/(-4)*3848/39. Let z = o - -84. Suppose 0 = 3*v + g - z, v - 88 = -v - 5*g. What is the units digit of v?
4
Let o = 471 + 3869. What is the hundreds digit of o?
3
Let x(p) = -p**2 - 11*p + 25. Let m be x(-16). Let w = m - -56. What is the tens digit of (-9 + 16)/(w/21)?
4
Suppose -4*z - 7 - 7 = -2*v, z - 3 = 0. Suppose 148 = 11*r - v*r. Let b = -69 - r. What is the units digit of b?
5
Let w be ((-8)/6)/(20/(-15)). Let r = 0 + w. What is the tens digit of r/(-3)*(-238 - 8)?
8
Suppose 55*a + 15*a - 1822659 = -179479. What is the hundreds digit of a?
4
What is the hundreds digit of 11081 + 1 - (4 - ((-120)/6)/(-2))?
0
Let g be (-242)/1 - (47 - 49). Let f = 1235 - g. What is the hundreds digit of f?
4
Let y be 8/28*(18/3 + 1). Suppose -y*d - c + 720 = 0, -d - d + 732 = 4*c. What is the units digit of d?
8
Let m(t) be the second derivative of -28*t**3 + 11*t**2/2 + 30*t. Let v be m(-1). Suppose -6*o = v - 899. What is the units digit of o?
0
Let q = 97 - 104. Let f(d) = d**2 + d - 30. Let w be f(q). Suppose -w*p = -1108 + 220. What is the units digit of p?
4
Let z(q) = 14*q - 64. Let j be z(5). What is the units digit of 68117/49 + j/7 - 6?
5
What is the tens digit of 33065 + -6*(0/(-1) + (-140)/(-105))?
5
Let j = -161 + 89. Let x = j - -75. Suppose -401 - 118 = -x*k. What is the tens digit of k?
7
Suppose 7*g - 4*g + 3*n = 810, -n = -4*g + 1075. Let m = g - 179. What is the units digit of m?
0
Suppose -4382 = -8*x + 338. Suppose -4*c = -3*n - 673 - 453, -4*c = 8. Let r = n + x. What is the tens digit of r?
1
Suppose g = -h + 58539 - 11727, 4*g - 3*h - 187206 = 0. What is the hundreds digit of g?
8
Let q(f) = 62*f**2 - 15*f + 130. What is the thousands digit of q(7)?
3
Let t(c) = c**2 - 9*c + 7. Let i be t(-7). Suppose -129 + i = -5*l. Suppose -l*o = -5*o + 171. What is the units digit of o?
7
Let x be 4/(-34) + (-1402168)/68*-1. Suppose -9576 - 2788 = 3*r + 5*q, -5*r = 5*q + x. What is the tens digit of (-4)/(-1) - r/24?
7
Suppose -3*y = -30 + 15. Suppose y*k = -w + 1644, -2*k + w = -0*w - 652. Suppose k = 6*v - 2*v. What is the tens digit of v?
8
What is the hundreds digit of ((-17 - -165)*35)/1?
1
Let s be (1 - -4)*(4264/20 - -4). Suppose s = 15*v - 309. What is the units digit of v?
3
Suppose -107*g + 326449 + 307219 = -9*g. What is the hundreds digit of g?
4
Let g(c) = c**2 + 41. Let a(b) = -b**3 - 6*b**2 - 7*b - 4. Let v be a(-4). What is the tens digit of g(v)?
0
Suppose 0 = -5*m + 2*r + 105924, 5*m - 75*r + 71*r - 105908 = 0. What is the units digit of m?
8
Suppose 15*g = 29*g - 6048. Let x = g + 120. What is the tens digit of x?
5
Let k be 4 + 2 + -1 - -247. Suppose -2*o = -3*f - 0*o + 209, k = 4*f + 4*o. What is the tens digit of f?
6
Let d = -36 - -44. Let t(j) = 5*j - 33. Let s be t(d). What is the tens digit of ((-14)/(-4))/(s/196)?
9
Let m = 64684 - 40191. What is the tens digit of m?
9
Suppose 65 = 13*o - 0*o. Suppose 0 = o*l - h - 568, -16 + 7 = 3*h. What is the tens digit of l?
1
Let d(x) = 703*x + 2. Let j be d(1). Let s = -452 + j. What is the units digit of s?
3
Let g(b) = 97*b - 88. Let h be (6/9)/(20/150). What is the units digit of g(h)?
7
Let m(n) = -n**3 - 2*n**2 - 5*n - 3. Suppose 0 = -2*o + o - 25. Let w = o - -20. What is the tens digit of m(w)?
9
Let o(r) = 624*r + 11819. What is the thousands digit of o(25)?
7
Suppose -11*c + 239742 = 7*c. What is the units digit of c?
9
Suppose -119968 = 10*a - 171747 - 164521. What is the ten thousands digit of a?
2
What is the ten thousands digit of 12382/((12/10)/(405/225))?
1
Suppose 3*x = 5*x + 5*a + 15, 3 = 2*x - a. Suppose x*y + 4*g + 1660 = 5*y, 4*g = -y + 3